{"id":14,"date":"2016-03-09T10:01:41","date_gmt":"2016-03-09T10:01:41","guid":{"rendered":"http:\/\/demo.gmplivsmedel.se\/?page_id=14"},"modified":"2026-01-15T16:45:29","modified_gmt":"2026-01-15T15:45:29","slug":"startsida","status":"publish","type":"page","link":"https:\/\/gmplivsmedel.se\/","title":{"rendered":"Startsida"},"content":{"rendered":"<p align=\"center\"><span style=\"color: #333333;\"><span style=\"font-size: 300%;\"><b>V<\/b><\/span><\/span><span style=\"color: #333333;\"><span style=\"font-size: xx-large;\"><b>\u00e4lkommen till Webbutbildning!<br \/>\n<\/b><\/span><\/span><span style=\"color: #006600;\"><span style=\"font-size: x-large;\"><b>Livsmedelshygien\/Egenkontroll\/Faroanalys\/ HACCP principer<\/b><\/span><\/span><\/p>\n<p style=\"text-align: center;\" align=\"center\"><a href=\"https:\/\/gmplivsmedel.se\/?page_id=92\"><span style=\"color: #333333;\"><span style=\"font-size: large;\"><u>Se kursinneh\u00e5ll f\u00f6r webbutbildningen h\u00e4r!<\/u><\/span><\/span><\/a><\/p>\n<div style=\"width: 660px;\" class=\"wp-video\"><video class=\"wp-video-shortcode\" id=\"video-14-1\" width=\"660\" height=\"371\" poster=\"https:\/\/gmplivsmedel.se\/wp-content\/uploads\/introduktionsfilm-livsmedel.jpg\" preload=\"metadata\" controls=\"controls\"><source type=\"video\/mp4\" src=\"https:\/\/gmplivsmedel.se\/wp-content\/uploads\/GMP-introduktion-finalversion.mp4?_=1\" \/><a href=\"https:\/\/gmplivsmedel.se\/wp-content\/uploads\/GMP-introduktion-finalversion.mp4\">https:\/\/gmplivsmedel.se\/wp-content\/uploads\/GMP-introduktion-finalversion.mp4<\/a><\/video><\/div>\n<p style=\"font-weight: 400; text-align: center;\">Se introduktionsfilmen p\u00e5 1 min. Deltagaravgiften f\u00f6r webbutbildningen \u00e4r 998 kr per person<b><strong>\u00a0,\u00a0<\/strong><\/b>inkl intyg enligt livsmedelsverkets riktlinjer. Vid fler \u00e4n 10 deltagare maila oss <a href=\"mailto:info@gmplivsmedel.se\"><b><strong><u>h\u00e4r<\/u><\/strong><\/b><\/a>\u00a0f\u00f6r offert.<\/p>\n<p style=\"font-weight: 400; text-align: center;\">Ni kan b\u00f6rja utbildningen direkt, eller n\u00e4r det passar er, den g\u00e5r att pausa och sedan slutf\u00f6ra.<\/p>\n<p style=\"text-align: center;\" align=\"center\"><span style=\"color: #333333;\"><span style=\"font-size: large;\">Intyget skickas sedan inom 10 dagar till angiven adress.<\/span><\/span><\/p>\n<p><img loading=\"lazy\" decoding=\"async\" class=\"alignright size-full wp-image-38\" src=\"\/wp-content\/uploads\/xx.jpg\" alt=\"annette\" width=\"124\" height=\"131\" \/><img loading=\"lazy\" decoding=\"async\" class=\"alignleft size-full wp-image-38\" src=\"\/wp-content\/uploads\/X.jpg\" alt=\"fassan\" width=\"124\" height=\"131\" \/><\/p>\n<p>Anders din l\u00e4rare online<\/p>\n<p style=\"text-align: right;\">Annette<\/p>\n<p style=\"text-align: center;\"><span style=\"color: #333333;\"><span style=\"font-size: large;\">Vi har sedan 20 \u00e5r tillbaka och i samarbete med 47 kommuner, efter 2007 i egen regi, inspirerat personal med v\u00e5ra utbildningar livsmedelss\u00e4kerhet, Med humor, kunskap och tips fr\u00e5n verkligheten l\u00e4r ni er allt ni beh\u00f6ver!<\/span><\/span><\/p>\n<p style=\"text-align: center;\"><span style=\"color: #333333;\"><span style=\"font-size: large;\"> <u><a href=\"mailto:info@gmplivsmedel.se\">Kontakta oss, info@gmplivsmedel.se<\/a><\/u><br \/>\n<\/span><\/span><\/p>\n","protected":false},"excerpt":{"rendered":"<p>V\u00e4lkommen till Webbutbildning! Livsmedelshygien\/Egenkontroll\/Faroanalys\/ HACCP principer Se kursinneh\u00e5ll f\u00f6r webbutbildningen h\u00e4r! Se introduktionsfilmen p\u00e5 1 min. Deltagaravgiften f\u00f6r webbutbildningen \u00e4r 998 kr per person\u00a0,\u00a0inkl intyg enligt livsmedelsverkets riktlinjer. Vid fler \u00e4n 10 deltagare maila oss h\u00e4r\u00a0f\u00f6r offert. Ni kan b\u00f6rja utbildningen direkt, eller n\u00e4r det passar er, den g\u00e5r att pausa och sedan slutf\u00f6ra. Intyget &hellip; <a href=\"https:\/\/gmplivsmedel.se\/\" class=\"more-link\">Continue reading <span class=\"screen-reader-text\">Startsida<\/span><\/a><\/p>\n","protected":false},"author":1,"featured_media":0,"parent":0,"menu_order":0,"comment_status":"closed","ping_status":"closed","template":"","meta":{"_jet_sm_ready_style":"","_jet_sm_style":"","_jet_sm_controls_values":"","_jet_sm_fonts_collection":"","_jet_sm_fonts_links":"","footnotes":""},"class_list":["post-14","page","type-page","status-publish","hentry"],"_links":{"self":[{"href":"https:\/\/gmplivsmedel.se\/index.php?rest_route=\/wp\/v2\/pages\/14","targetHints":{"allow":["GET"]}}],"collection":[{"href":"https:\/\/gmplivsmedel.se\/index.php?rest_route=\/wp\/v2\/pages"}],"about":[{"href":"https:\/\/gmplivsmedel.se\/index.php?rest_route=\/wp\/v2\/types\/page"}],"author":[{"embeddable":true,"href":"https:\/\/gmplivsmedel.se\/index.php?rest_route=\/wp\/v2\/users\/1"}],"replies":[{"embeddable":true,"href":"https:\/\/gmplivsmedel.se\/index.php?rest_route=%2Fwp%2Fv2%2Fcomments&post=14"}],"version-history":[{"count":6,"href":"https:\/\/gmplivsmedel.se\/index.php?rest_route=\/wp\/v2\/pages\/14\/revisions"}],"predecessor-version":[{"id":399,"href":"https:\/\/gmplivsmedel.se\/index.php?rest_route=\/wp\/v2\/pages\/14\/revisions\/399"}],"wp:attachment":[{"href":"https:\/\/gmplivsmedel.se\/index.php?rest_route=%2Fwp%2Fv2%2Fmedia&parent=14"}],"curies":[{"name":"wp","href":"https:\/\/api.w.org\/{rel}","templated":true}]}}